 hundred thousands digit of 1039453?
0
What is the units digit of 17611281?
1
What is the thousands digit of 15428520?
8
What is the hundred thousands digit of 1810276?
8
What is the units digit of 6215865?
5
What is the ten thousands digit of 712821?
1
What is the tens digit of 613255?
5
What is the millions digit of 1739318?
1
What is the tens digit of 1145192?
9
What is the hundreds digit of 71636?
6
What is the hundreds digit of 418078?
0
What is the units digit of 1066676?
6
What is the thousands digit of 10587652?
7
What is the units digit of 521140?
0
What is the ten thousands digit of 45634?
4
What is the thousands digit of 19556679?
6
What is the hundreds digit of 147343?
3
What is the millions digit of 6423490?
6
What is the millions digit of 1859136?
1
What is the hundreds digit of 23517852?
8
What is the units digit of 2825063?
3
What is the units digit of 16609?
9
What is the ten thousands digit of 73811?
7
What is the thousands digit of 504792?
4
What is the thousands digit of 1836010?
6
What is the thousands digit of 65594?
5
What is the hundreds digit of 688021?
0
What is the hundreds digit of 44659?
6
What is the hundred thousands digit of 220667?
2
What is the ten thousands digit of 1422830?
2
What is the thousands digit of 6287845?
7
What is the millions digit of 8895394?
8
What is the tens digit of 602919?
1
What is the ten thousands digit of 1414806?
1
What is the ten millions digit of 11361603?
1
What is the ten thousands digit of 113164?
1
What is the ten thousands digit of 24963573?
6
What is the hundreds digit of 1216173?
1
What is the units digit of 473357?
7
What is the hundreds digit of 405572?
5
What is the units digit of 3251531?
1
What is the tens digit of 11956839?
3
What is the millions digit of 2034265?
2
What is the units digit of 7089877?
7
What is the thousands digit of 1824308?
4
What is the millions digit of 4263785?
4
What is the units digit of 557974?
4
What is the hundred thousands digit of 210594?
2
What is the units digit of 795319?
9
What is the units digit of 823112?
2
What is the hundred thousands digit of 8558841?
5
What is the tens digit of 32736199?
9
What is the hundred thousands digit of 811973?
8
What is the hundreds digit of 300091?
0
What is the tens digit of 442505?
0
What is the ten thousands digit of 977242?
7
What is the hundred thousands digit of 1989689?
9
What is the thousands digit of 3307110?
7
What is the thousands digit of 71314?
1
What is the millions digit of 1500389?
1
What is the tens digit of 82151?
5
What is the ten thousands digit of 89693?
8
What is the ten thousands digit of 1534035?
3
What is the hundred thousands digit of 673821?
6
What is the ten millions digit of 30259645?
3
What is the ten thousands digit of 147386?
4
What is the ten thousands digit of 2412634?
1
What is the tens digit of 966137?
3
What is the tens digit of 930256?
5
What is the millions digit of 3511552?
3
What is the millions digit of 1100412?
1
What is the thousands digit of 303048?
3
What is the thousands digit of 77600?
7
What is the thousands digit of 249297?
9
What is the ten thousands digit of 98912?
9
What is the tens digit of 8699744?
4
What is the tens digit of 867569?
6
What is the ten thousands digit of 16525?
1
What is the units digit of 87364?
4
What is the tens digit of 533834?
3
What is the hundreds digit of 108104?
1
What is the ten thousands digit of 3790691?
9
What is the ten thousands digit of 734868?
3
What is the ten thousands digit of 21121081?
2
What is the thousands digit of 11117969?
7
What is the hundreds digit of 13421301?
3
What is the units digit of 93274?
4
What is the ten millions digit of 10522662?
1
What is the ten millions digit of 27576608?
2
What is the ten thousands digit of 486188?
8
What is the thousands digit of 654516?
4
What is the thousands digit of 1893391?
3
What is the units digit of 2241294?
4
What is the units digit of 128734?
4
What is the hundreds digit of 3133668?
6
What is the thousands digit of 8627874?
7
What is the ten thousands digit of 152928?
5
What is the ten thousands digit of 20705383?
0
What is the hundreds digit of 1014847?
8
What is the ten thousands digit of 91820?
9
What is the ten thousands digit of 470922?
7
What is the units digit of 129171?
1
What is the units digit of 9585957?
7
What is the hundreds digit of 203019?
0
What is the thousands digit of 565046?
5
What is the millions digit of 3088409?
3
What is the thousands digit of 4202117?
2
What is the hundred thousands digit of 1285923?
2
What is the hundred thousands digit of 23890603?
8
What is the ten thousands digit of 2474025?
7
What is the units digit of 8659?
9
What is the hundred thousands digit of 167606?
1
What is the ten thousands digit of 545849?
4
What is the tens digit of 430636?
3
What is the tens digit of 55602?
0
What is the millions digit of 5565173?
5
What is the ten thousands digit of 213739?
1
What is the tens digit of 1601857?
5
What is the tens digit of 538367?
6
What is the tens digit of 442391?
9
What is the hundred thousands digit of 235167?
2
What is the hundreds digit of 27542?
5
What is the hundreds digit of 1360477?
4
What is the hundreds digit of 1607269?
2
What is the ten thousands digit of 389235?
8
What is the units digit of 251156?
6
What is the units digit of 2245608?
8
What is the millions digit of 5221106?
5
What is the thousands digit of 4093604?
3
What is the ten thousands digit of 3356664?
5
What is the hundred thousands digit of 1044047?
0
What is the tens digit of 972483?
8
What is the thousands digit of 2771189?
1
What is the units digit of 565937?
7
What is the thousands digit of 74913?
4
What is the thousands digit of 31702959?
2
What is the units digit of 3079078?
8
What is the thousands digit of 209055?
9
What is the hundred thousands digit of 366531?
3
What is the hundred thousands digit of 9995882?
9
What is the hundred thousands digit of 545076?
5
What is the ten thousands digit of 1746189?
4
What is the hundred thousands digit of 3375685?
3
What is the thousands digit of 37459871?
9
What is the tens digit of 8680787?
8
What is the thousands digit of 13357?
3
What is the ten millions digit of 11742480?
1
What is the ten thousands digit of 6087901?
8
What is the units digit of 67969?
9
What is the ten thousands digit of 4051092?
5
What is the hundreds digit of 8217986?
9
What is the thousands digit of 260691?
0
What is the ten thousands digit of 5140030?
4
What is the ten millions digit of 18284216?
1
What is the thousands digit of 17864867?
4
What is the tens digit of 1624224?
2
What is the thousands digit of 1447465?
7
What is the ten thousands digit of 76748?
7
What is the units digit of 8269518?
8
What is the tens digit of 948318?
1
What is the hundreds digit of 270204?
2
What is the tens digit of 867174?
7
What is the millions digit of 8340082?
8
What is the thousands digit of 2832207?
2
What is the units digit of 2336501?
1
What is the hundreds digit of 504040?
0
What is the hundreds digit of 66362?
3
What is the millions digit of 2042055?
2
What is the hundred thousands digit of 2432147?
4
What is the units digit of 1387449?
9
What is the ten thousands digit of 95365?
9
What is the millions digit of 2404433?
2
What is the tens digit of 3367723?
2
What is the units digit of 308990?
0
What is the hundred thousands digit of 16231220?
2
What is the units digit of 345308?
8
What is the ten millions digit of 10749746?
1
What is the millions digit of 1444575?
1
What is the thousands digit of 1050072?
0
What is the hundred thousands digit of 9193708?
1
What is the ten thousands digit of 23220127?
2
What is the ten thousands digit of 436738?
3
What is the ten thousands digit of 8197984?
9
What is the tens digit of 2851175?
7
What is the tens digit of 285306?
0
What is the hundreds digit of 20252805?
8
What is the hundreds digit of 3410139?
1
What is the thousands digit of 206522?
6
What is the tens digit of 467326?
2
What is the millions digit of 1616856?
1
What is the ten millions digit of 17219126?
1
What is the ten millions digit of 21724734?
2
What is the millions digit of 1042806?
1
What is the units digit of 2371103?
3
What is the ten thousands digit of 1247120?
4
What is the thousands digit of 7032976?
2
What is the h